3. Calculate o(2).
1917
Let g(s) = -3*s**2 - 89*s + 1278. Calculate g(-40).
38
Let x(f) = 4*f**2 + 234*f + 1964. Determine x(-48).
-52
Let h(y) = -596*y**3 - 62*y**2 + 55*y + 3. Give h(1).
-600
Let b(v) = 23*v**2 - 477*v + 2587. Calculate b(13).
273
Let o(p) = 28094*p + 3989310. What is o(-142)?
-38
Let r(j) = -1644*j - 21718. What is r(-16)?
4586
Let h(x) = 23239*x + 27259355. Determine h(-1173).
8
Let p(h) = -h**2 - 869*h - 76235. What is p(-99)?
-5
Let q(m) = 2*m - 486. Determine q(196).
-94
Let r(f) = -3*f**3 + 133*f**2 + 825*f + 18. Give r(-6).
504
Let l(b) = -b**3 + 61*b**2 + 194*b - 349. Give l(64).
-221
Let g(w) = 59933*w + 299668. Determine g(-5).
3
Let w(s) = 15209*s - 456230. Give w(30).
40
Let r(s) = -s**3 - 39*s**2 - 289*s - 2475. What is r(-33)?
528
Let r(p) = -2*p**3 + 9*p**2 - 1462*p + 5832. Determine r(4).
0
Let t(y) = -326*y - 14229. What is t(-45)?
441
Let j(m) = -52*m**2 - 6829*m - 2213. Give j(-131).
14
Let g(h) = 1011*h - 102895. Calculate g(102).
227
Let m(a) = -a**2 - 78*a - 816. Determine m(-44).
680
Let c(r) = 3*r**2 + 879*r - 4543. Give c(-298).
-73
Let t(w) = -2*w**3 - 18*w**2 + 91*w + 766. What is t(-6)?
4
Let v(a) = -750*a**3 - 38251*a**2 - 57*a - 114. What is v(-51)?
192
Let z(a) = 15892*a + 8454526. Determine z(-532).
-18
Let k(z) = 38*z - 1743. Determine k(41).
-185
Let a(z) = -17*z + 2811. Determine a(-83).
4222
Let t(d) = -6*d**2 + 1263*d + 4511. Determine t(214).
17
Let j(z) = 1538*z - 173972. Determine j(112).
-1716
Let x(o) = 21*o**2 + 1261*o + 6295. Give x(-5).
515
Let a(q) = q**3 - 40*q**2 + 340*q - 74. Determine a(12).
-26
Let u(k) = 1444*k**3 - 4*k**2 - 3*k. Determine u(-1).
-1445
Let x(g) = -5755*g - 74782. Determine x(-13).
33
Let t(b) = b**2 + 38*b - 193. Calculate t(5).
22
Let x(o) = 877*o - 657753. Calculate x(750).
-3
Let q(c) = -c**3 + 94*c**2 - 478*c - 4387. What is q(88)?
13
Let o(q) = -20*q**2 + 39*q + 83. Give o(3).
20
Let b(x) = -68151*x - 340869. Calculate b(-5).
-114
Let v(g) = -g**2 + 387*g - 13575. Give v(39).
-3
Let l(y) = -11824*y - 23308. What is l(-2)?
340
Let d(k) = -1754*k**2 + 1168163*k + 673. Determine d(666).
7
Let a(f) = -8224*f - 39196. Determine a(-5).
1924
Let x(m) = -3*m**2 - 9816*m + 197507. Calculate x(20).
-13
Let f(y) = -y**2 - 121*y + 4575. What is f(29)?
225
Let b(x) = 16451*x + 131580. Calculate b(-8).
-28
Let q(s) = 2497*s + 1026169. Determine q(-411).
-98
Let l(u) = -u**3 - 9*u**2 + 88*u + 622. Give l(-4).
190
Let c(j) = 2*j**2 + 517*j + 25056. What is c(-194)?
30
Let v(x) = 58246*x - 465961. Calculate v(8).
7
Let h(b) = -b**3 + 7*b**2 - 8461*b - 59918. What is h(-7)?
-5
Let m(q) = 106*q**2 + 800*q + 982. Determine m(-6).
-2
Let s(l) = -2*l**3 - 24*l**2 + 8391*l - 33055. Determine s(4).
-3
Let y(h) = -2942*h - 64653. Calculate y(-22).
71
Let r(p) = -3*p**3 - 169*p**2 - 367*p + 93. Calculate r(-54).
-501
Let p(k) = k**3 + 17*k**2 - 565*k + 400. Give p(-34).
-42
Let v(l) = 20*l**2 + 194*l - 37. Determine v(-15).
1553
Let m(f) = -118*f - 637. Determine m(-9).
425
Let h(c) = -12*c**2 - 1851*c - 53081. Calculate h(-38).
-71
Let f(i) = -1240*i - 4983. What is f(-4)?
-23
Let w(d) = 366069*d - 2562489. What is w(7)?
-6
Let i(d) = 42*d**3 - 150*d**2 - 60*d + 234. What is i(5)?
1434
Let z(q) = 103*q**3 - 925*q**2 + 7*q - 201. Determine z(9).
24
Let d(l) = 2*l**3 - 56*l**2 - 13*l - 18. Calculate d(28).
-382
Let p(u) = -u**3 + 40*u**2 + 684*u - 6063. What is p(51)?
210
Let g(b) = -21*b**3 - 509*b**2 - 102*b + 501. Give g(-24).
69
Let r(q) = -2*q**2 + 269*q + 8962. Calculate r(-28).
-138
Let z(x) = -442*x - 13325. Give z(-35).
2145
Let p(u) = u**2 + 10928*u - 1482080. Determine p(134).
228
Let u(f) = f**3 - 96*f**2 + 883*f - 46805. Give u(92).
575
Let r(f) = 88*f**3 + 3*f**2 - 61*f - 62. Calculate r(-1).
-86
Let h(m) = -779*m - 32487. What is h(-42)?
231
Let y(l) = -l**2 + 103*l + 1923. Calculate y(-16).
19
Let y(o) = 1604*o - 139232. What is y(87)?
316
Let a(g) = -g**3 - 504*g**2 - 2450*g + 22491. Determine a(-499).
36
Let k(m) = 2202*m - 114530. What is k(52)?
-26
Let d(x) = x**3 + 19*x**2 - 106*x + 5. Give d(6).
269
Let s(z) = -2*z**3 - 21*z**2 - 2337*z - 20790. Calculate s(-9).
0
Let w(y) = -y**3 - 58*y**2 - 402*y - 119. Determine w(-50).
-19
Let z(i) = 93*i**2 + 6224*i + 6228. Determine z(-1).
97
Let p(m) = -5*m**3 - 397*m**2 - 163*m - 416. Give p(-79).
-21
Let k(s) = 2*s**3 + 42*s**2 - 150*s + 6. What is k(5)?
556
Let t(f) = -11043*f + 596313. What is t(54)?
-9
Let f(z) = 149*z + 100. What is f(-1)?
-49
Let j(y) = y**2 + 2797*y + 209445. Calculate j(-77).
5
Let u(v) = -4927013*v - 34489092. What is u(-7)?
-1
Let l(a) = 268*a - 5911. Calculate l(22).
-15
Let i(h) = 301*h + 28603. What is i(-95)?
8
Let t(y) = -14*y**2 - 4101*y + 290. Calculate t(-293).
-3
Let r(a) = 4255*a - 148942. Calculate r(35).
-17
Let g(j) = 2*j**3 + 27*j**2 + 39*j - 335. What is g(-5)?
-105
Let k(i) = -7*i**2 + 80*i - 90. Determine k(19).
-1097
Let m(b) = 125*b**2 - 107*b + 107. What is m(1)?
125
Let n(a) = 17*a**2 + 996*a + 1895. Calculate n(0).
1895
Let p(a) = 13*a**2 + 398*a + 2046. What is p(-6)?
126
Let h(u) = -u**3 + 387*u**2 + 703*u + 29165. What is h(389)?
-10
Let o(m) = -m**3 + 65*m**2 + 152*m - 2606. Calculate o(67).
-1400
Let r(d) = 646*d - 50592. What is r(82)?
2380
Let r(q) = 21*q**2 + 3546*q + 129. What is r(-169)?
636
Let h(o) = -3*o**2 - 405*o - 9686. Determine h(-33).
412
Let m(j) = -422*j**2 + 15*j - 38. Give m(2).
-1696
Let i(f) = -17*f**2 + 149*f + 251. Give i(10).
41
Let m(i) = i**3 - 65*i**2 - 500*i + 24530. Calculate m(67).
8
Let q(n) = -1658*n - 29861. What is q(-18)?
-17
Let w(k) = 3*k**2 + 50*k - 1586. Calculate w(20).
614
Let h(b) = b**2 + 1546*b + 295014. Calculate h(-223).
-15
Let b(v) = 10511*v + 189959. Determine b(-18).
761
Let j(h) = 355*h - 7988. Determine j(14).
-3018
Let q(j) = 2*j**3 + 106*j**2 - 608*j - 36986. Give q(-52).
38
Let f(z) = -2*z**3 + 246*z**2 + 355*z + 18107. Calculate f(125).
-18
Let o(f) = 2*f**2 + 240*f + 6685. What is o(-79)?
207
Let j(n) = -n**3 - 34*n**2 - 1558*n - 47818. Determine j(-32).
-10
Let u(q) = 16*q**2 + 315*q - 138. What is u(-19)?
-347
Let s(l) = -31605*l + 1232597. Give s(39).
2
Let t(q) = 9*q**3 + 14*q**2 + 8*q + 100. Calculate t(-5).
-715
Let o(f) = -205*f**2 - 867*f - 77. What is o(-3)?
679
Let c(k) = 1291*k**2 - 15495*k + 33. What is c(12)?
-3
Let p(t) = -1233*t**2 + 123176*t + 12402. What is p(100)?
2
Let u(j) = 1953*j - 154284. What is u(79)?
3
Let x(h) = 15646*h + 15630. Calculate x(-1).
-16
Let y(d) = -53*d + 1447. Give y(25).
122
Let x(l) = -2*l**3 - 105*l**2 + 21*l - 1708. What is x(-53)?
-12
Let q(d) = 233*d - 22373. Determine q(92).
-937
Let v(q) = 306*q + 51401. Determine v(-168).
-7
Let d(r) = 44*r**3 - 25*r**2 + 18*r - 6. Determine d(1).
31
Let r(c) = 33*c**3 + 559*c**2 - 94*c - 616. Calculate r(-17).
404
Let m(j) = 37*j**2 - 8065*j - 33077. What is m(222)?
1
Let p(u) = 3309*u - 96251. What is p(29)?
-290
Let t(b) = -1380358*b - 49692892. Determine t(-36).
-4
Let y(i) = -80*i**2 + 17361*i - 72. What is y(217)?
145
Let l(c) = 128*c + 6359. Calculate l(-56).
-809
Let x(d) = 2*d**2 - 2155*d + 580528. Determine x(539).
25
Let f(m) = 14617*m - 175557. Calculate f(12).
-153
Let w(h) = -41996*h - 1428125. Give w(-34).
-261
Let l(o) = 15972*o + 79596. Determine l(-5).
-264
Let o(b) = -b**3 + 31*b**2 - 84*b + 9512. Determine o(36).
8
Let r(j) = 268*j + 463. Determine r(5).
1803
Let p(f) = 3*f**2 + 327*f + 4059. Give p(-90).
-1071
Let v(x) = 8436*x - 168789. Determine v(20).
-69
Let y(j) = 6*j**3 + 152*j**2 + 14*j + 352. Calculate y(-25).
1252
Let l(j) = 4409*j + 26436. Calculate l(-6).
-18
Let x(w) = 1148*w + 268623. Give x(-234).
-9
Let r(h) = 2*h**3 + 523*h**2 + 28413*h + 1. Give r(-77).
1
Let d(t) = 9141*t - 649028. Determine d(71).
-17
Let i(x) = 8027041*x + 64216325. Calculate i(-8).
-3
Let o(p) = -2475*p - 388731. Calculate o(-157).
-156
Let h(p) = p**3 - 12*p**2 + 249*p - 2566. What is h(11)?
52
Let h(y) = -32*y - 6040. Give h(-140).
-1560
Let x(r) = 5*r**3 - 297*r**2 + 319*r + 5011. What is x(58)?
-35
Let u(k) = k**2 + 39*k - 54604. Calculate u(215).
6
Let d(n) = -n**3 + 32*n**2 + 54*n + 3169. Give d(36).
-71
Let j(m) = -m**3 - 5*m**2 + 2388*m + 21158. What is j(-9)?
-10
Let p(n) = 2*n**3 + 92*n**2 - 1249*n - 87